factors of a(-6)?
7
List the prime factors of ((-32)/5)/((-4)/20).
2
Let q be -1 - -2 - (-3 + 1). Let n(g) = 12 - 3*g + 2*g**3 - 4*g**2 - g**q - 19. List the prime factors of n(5).
3
Let i be (-30)/(0 + -2 - 0). Suppose -3*y = -6*y + i. What are the prime factors of y?
5
Let t = 6 + -5. What are the prime factors of (4/(-3))/(t/(-12))?
2
Suppose 3*j + 1 = -11. Let d(v) = -v. What are the prime factors of d(j)?
2
Let n = 56 - 40. Let r = n + -5. List the prime factors of r.
11
Let t be (-5)/(-15) - (-14)/(-6). Let a = -2 - t. Suppose -p + a = -3. List the prime factors of p.
3
Let k(u) = -u**3 - 15*u**2 - 2*u - 10. What are the prime factors of k(-15)?
2, 5
What are the prime factors of 2 + 0 - (-6 + 4) - -209?
3, 71
Let u = 1 + -8. Let j = u - -13. List the prime factors of j.
2, 3
Suppose 8 = 4*r - 8. Let v be (-2 + 2)/(7 - r). Suppose -x - 5*z = 21, 3*x + 0*x + z - 7 = v. List the prime factors of x.
2
Suppose -5*g + 429 + 831 = 0. List the prime factors of g.
2, 3, 7
Let j(l) be the third derivative of -l**5/10 - l**4/24 - l**2. Let a be j(-1). What are the prime factors of (-9 - 0)*a/15?
3
Suppose -4*d + 41 = -151. List the prime factors of d.
2, 3
Let q = 8 + -5. Suppose 3*s = -2*s - 5*b + 130, -b = -3. Suppose 5 = -q*y + s. List the prime factors of y.
2, 3
Let m(p) = 48*p + 4. Let b be m(1). Let h be (-1)/(-4) + 3/4. What are the prime factors of b/6 - h/(-3)?
3
Let q be 1164/10 + (-2)/5. Suppose 2*a - 4*z - 52 + 18 = 0, 4*z - q = -4*a. List the prime factors of a.
5
Let h be (-1)/4 + (-34)/(-8). Suppose -4*z + 54 - 10 = 0. Suppose -r = -h*a + 32, 0*r = -3*a + 4*r + z. List the prime factors of a.
3
Suppose 0 = 4*r - 20, 0*r = 2*m + 5*r - 37. Suppose a - m = -a. List the prime factors of a.
3
Suppose 5*r + 5*v - 338 = 17, 375 = 5*r + v. List the prime factors of r.
2, 19
Let l = -1 - -66. List the prime factors of (-13)/l + (-82)/(-10).
2
Let s(v) = 10*v**2 + 27*v + 20. Let r(b) = 3*b**2 + 9*b + 7. Let k(j) = -7*r(j) + 2*s(j). What are the prime factors of k(-6)?
3
Suppose 4*n - 17 = 5*x, 0 = 4*n - 0*n - 4*x - 12. What are the prime factors of (-3)/6*3*n?
3
Let a(g) = -g**3 - 8*g - 2. Let j(d) = -d**2 + d + 1. Let h = -21 - -15. Let t(f) = h*j(f) - a(f). List the prime factors of t(-5).
11
Let a = 74 - 30. List the prime factors of a.
2, 11
Let j = -21 + 26. Suppose -4*q = j - 125. What are the prime factors of q?
2, 3, 5
Let q = -25 - -108. List the prime factors of q.
83
Suppose 0 = o - 4. Suppose k - o = -2. Suppose -4*x = r - 18, k*r = 4*r + 4. List the prime factors of x.
5
Let x(n) = -n**3 - 4*n**2 + 7*n + 2. Let o be x(-6). Let h = -17 + o. List the prime factors of h.
3, 5
Suppose 7*s - 150 = 5*s. Let u be s/9*(-2 + -1). What are the prime factors of (-120)/u*(-10)/(-3)?
2
Let o = 219 + -75. List the prime factors of o.
2, 3
Let z = -13 - -6. Let t = 9 + z. Suppose -4*q = -m - 18, -5 - 3 = -3*q - t*m. What are the prime factors of q?
2
Suppose -3*v - 22 = 3*y - 322, 5*y - 4*v - 518 = 0. What are the prime factors of y?
2, 3, 17
List the prime factors of (-1 + 4)/(5 - (-67)/(-14)).
2, 7
Let o(m) = 2*m**2 - 7*m - 2. Let h be o(5). Let j = 20 - h. Let v = j + 2. What are the prime factors of v?
3
Let n(f) = f**3 - 8*f**2 + 11*f - 6. List the prime factors of n(7).
2, 11
Suppose i - 66 = j, -2*j - 6 = j. Let r = i - 40. What are the prime factors of r?
2, 3
Suppose -16*t + 21*t = 235. List the prime factors of t.
47
Let n(j) = -6*j - 1. Let t be n(-1). Suppose 11 = 4*r - t. What are the prime factors of r?
2
Suppose u + u = 30. List the prime factors of u.
3, 5
Let b = -21 - -23. Suppose 2*p + b*p + 5*v - 19 = 0, p - 5*v - 36 = 0. What are the prime factors of p?
11
Let g(z) = z**2 + 3*z + 2. Let n be g(-3). What are the prime factors of 3/n - (-4)/8?
2
List the prime factors of (-7)/(-14)*58*2.
2, 29
Let q(h) = h + 47. List the prime factors of q(16).
3, 7
Let k(p) = p**3 + 6*p**2 - 6. Let y be k(-6). Let h = y - -16. List the prime factors of h.
2, 5
Let l = -11 - -14. Suppose -3*q + 11 = t - 6*q, 5*t + l*q - 19 = 0. What are the prime factors of t?
5
Suppose -5*i - 25 = 0, -5*r + 9*i + 140 = 4*i. Suppose -4*v = -5*f - 92, 3*v - r = 2*v + f. List the prime factors of v.
23
Suppose 4*n - 75 = -n. What are the prime factors of n?
3, 5
Let o(j) = -j**3 + 9*j**2 + j - 7. Let n be o(9). Suppose 0 = -n*m + 7*m - 45. List the prime factors of m.
3
What are the prime factors of ((-3)/2)/((-6)/376)?
2, 47
Let v(y) = y + 4. List the prime factors of v(8).
2, 3
Let g = -2 + 6. Let n be 75/g + (-9)/12. Let q = n + -6. List the prime factors of q.
2, 3
Suppose -2 + 11 = j. Let z = 35 - 6. Suppose -5*t + z = j. List the prime factors of t.
2
Let z = 15 - 10. Let n = -1 + 1. Suppose 2 = -3*x - 5*i + 28, -2*x + z*i - 16 = n. What are the prime factors of x?
2
Suppose 0 = q + 2*d - 128, 5*q = 2*d + 125 + 455. List the prime factors of q.
2, 59
Let n(t) be the second derivative of -5*t**3/3 - t**2/2 - 3*t. List the prime factors of n(-1).
3
Suppose 5*t - 165 = -5*x, 0*t = -2*x - 3*t + 69. Suppose -q = -2*k - x, 2*q = -0*k + 2*k + 62. List the prime factors of q.
2
Suppose -4*r + 0*r = 4*l - 20, 25 = 5*r. Suppose -4*a + 48 + 104 = l. What are the prime factors of a?
2, 19
Suppose -6*o + 5*o + 137 = 0. List the prime factors of o.
137
Suppose 0 = -3*k + k + 12. Let o(f) = 4*f - 1. What are the prime factors of o(k)?
23
Suppose 0 = -6*i - 345 + 1269. List the prime factors of i.
2, 7, 11
Let g = -148 + 218. What are the prime factors of g?
2, 5, 7
Suppose -2*p = 3*o + 6, 4*p = 3*o + o + 8. Let h(b) be the first derivative of -b**3/3 + 2*b - 5. What are the prime factors of h(p)?
2
Let i(j) = 54*j**2 - j - 1. What are the prime factors of i(-1)?
2, 3
Let b(n) = -4*n - 2*n**3 + 3*n**3 + 8*n + 1 + 6*n**2. Let i = 42 + -47. What are the prime factors of b(i)?
2, 3
Suppose 0 = 5*r - 4*u + 100, -110 = -r + 6*r - 2*u. Let n = r + 39. List the prime factors of n.
3, 5
Let r(n) = 2*n - 4. Let w(c) = -c**2 - 7*c - 6. Let f be w(-5). Let s be r(f). List the prime factors of 1 + -2 + s - -15.
2, 3
Let v(w) be the first derivative of -w**2/2 + 16*w - 2. Let r be v(11). Suppose r*b + 25 = 0, 3*d - 43 = -0*d + 2*b. List the prime factors of d.
11
Suppose -o + 5*s + 201 = 2*o, -2*s = 5*o - 304. Suppose -o = 3*y - 200. What are the prime factors of y?
2, 23
Suppose -8*c + 4*c = -76. Suppose -c = -4*r + 29. What are the prime factors of r?
2, 3
Suppose 5*z - 30 = -2*b, 4*b - 2*z + 4*z = 28. Suppose 64 = b*i - 51. Let a = -6 + i. What are the prime factors of a?
17
Let d(f) = 6*f + 3. Let w = -7 + 13. Let l be d(w). Suppose 2*v - 30 = -3*v - 5*j, 4*v + j = l. List the prime factors of v.
11
Let k(d) = -33*d - 2. Let y be k(-3). Let w = y + -68. Let t = -20 + w. List the prime factors of t.
3
Let m(a) = -a**3 - 3*a**2 - 7*a - 1. Let r(u) = u**3 + u + 1. Let j(k) = -m(k) - 2*r(k). Suppose 4*p = 3*i + 1, 5 + 2 = 3*p - i. List the prime factors of j(p).
3
Let u(v) = 5*v**2 + 2*v + 3. What are the prime factors of u(3)?
2, 3
Suppose -2*z + 4*r = -22, 5*z + 2*r - 16 = -r. Suppose -3*m + 28 + z = 0. What are the prime factors of m?
11
Let t be 7 + 0 + -1 + 0. Let n = t - 4. List the prime factors of n.
2
Let g(o) = -o + 14. Let l be g(7). Let d = 12 - l. List the prime factors of d.
5
Suppose -5*j = 0, 3*r + 4*j = 12 + 3. List the prime factors of r.
5
Suppose 119 = 3*m - 2*p, 3*m - 3*p + 0*p = 120. What are the prime factors of m?
3, 13
What are the prime factors of (2 - 1)*7 - -2?
3
Suppose s - 9 = -2. Suppose 0 = -2*q - 2*q - 12, -5*q = v + s. What are the prime factors of v?
2
Suppose -37 = -3*t + 2. Let q(f) = f**3 - 13*f**2 + f + 15. What are the prime factors of q(t)?
2, 7
Suppose -36 - 39 = -3*i - 3*w, -5*i - 2*w + 110 = 0. What are the prime factors of i?
2, 5
Let i = 43 + -21. What are the prime factors of i - 0/(-1 + -2)?
2, 11
Suppose 191 = 3*p - 85. List the prime factors of p.
2, 23
Suppose -47 = -4*d - 5*s, 3*d + s = d + 19. Suppose 5*w + y = 4*y + 83, -2*y + d = 0. What are the prime factors of w?
19
Let b(r) = r**3 - 6*r**2 + 7*r - 6. Suppose -2*k = -3*k - 3. Let f = 8 + k. List the prime factors of b(f).
2
Let k(z) = -z**2 + 12*z - 5. Let f be k(11). What are the prime factors of ((-31)/(-2))/(f/12)?
31
Let c(v) = v - 2. Suppose -g = -3*g + 8. Let n be c